e 15, what is -14b - 3?
-14e
In base 16, what is -28 - 0?
-28
In base 11, what is a7 + 1?
a8
In base 2, what is -10 + -101000010?
-101000100
In base 13, what is -6 - 9?
-12
In base 10, what is 1 + 153?
154
In base 7, what is 522 + -1?
521
In base 14, what is -5a - 7?
-63
In base 5, what is 3144 - -44?
3243
In base 2, what is -10101 + -110?
-11011
In base 8, what is 200 - 326?
-126
In base 13, what is -3 + 14?
11
In base 15, what is -26 - 3?
-29
In base 12, what is 5 - -11?
16
In base 4, what is 200 + 2030?
2230
In base 15, what is -1307 + -5?
-130c
In base 3, what is -1020210 - 10?
-1020220
In base 10, what is -3 - -2556?
2553
In base 12, what is -7 - b?
-16
In base 16, what is 4 - 87?
-83
In base 4, what is -12 + -233?
-311
In base 4, what is 1110 + 2033?
3203
In base 7, what is -33 - 15?
-51
In base 16, what is d78 + 1?
d79
In base 7, what is -3 + 215?
212
In base 10, what is -9214 - -1?
-9213
In base 9, what is 230 - 11?
218
In base 13, what is b6 + 1?
b7
In base 15, what is -4a - 2?
-4c
In base 3, what is 2022121 + 2?
2022200
In base 15, what is -19 - 12?
-2b
In base 13, what is -2 + 26b?
269
In base 10, what is -1 - 2140?
-2141
In base 5, what is -1 - -303?
302
In base 10, what is 339 - 8?
331
In base 11, what is 0 - -278?
278
In base 3, what is 21 - 12102?
-12011
In base 8, what is 101 - -16?
117
In base 11, what is -196 - 4?
-19a
In base 7, what is 531 - 0?
531
In base 2, what is -101101 - 10001011?
-10111000
In base 9, what is -653 - -4?
-648
In base 15, what is 0 - -816?
816
In base 7, what is -200 + -64?
-264
In base 4, what is -2310002 - -1?
-2310001
In base 8, what is -670 + -7?
-677
In base 8, what is -3 + -50?
-53
In base 5, what is 10 - -11033?
11043
In base 2, what is 0 - -100001001001?
100001001001
In base 4, what is 1002302 + 1?
1002303
In base 13, what is -41 - 4?
-45
In base 5, what is 10 - -1212?
1222
In base 16, what is -127 + -f?
-136
In base 15, what is -de6 - -2?
-de4
In base 9, what is -618 + -4?
-623
In base 7, what is 1113 + -5?
1105
In base 10, what is -2 - 501?
-503
In base 16, what is -22 + 53?
31
In base 5, what is 422 + 21?
443
In base 15, what is -18 - -4?
-14
In base 5, what is -42120 + 2?
-42113
In base 6, what is -2 - 105?
-111
In base 6, what is -54 + -354?
-452
In base 6, what is 205 - 1?
204
In base 5, what is 2323 - -10?
2333
In base 16, what is 3 - -9c6?
9c9
In base 14, what is 42 + -31?
11
In base 15, what is 2 + 1829?
182b
In base 2, what is 10001011101 - -101?
10001100010
In base 12, what is 5 + -2a?
-25
In base 3, what is -210 + 121011?
120101
In base 5, what is -11220 + 41?
-11124
In base 14, what is -6b + -2?
-6d
In base 3, what is -1101211 - 0?
-1101211
In base 7, what is 1 + 204?
205
In base 10, what is 0 + 174?
174
In base 4, what is 123223 + 2?
123231
In base 6, what is 13150 + 1?
13151
In base 8, what is 430 + -15?
413
In base 15, what is 20 - 3?
1c
In base 4, what is 10 - 13?
-3
In base 3, what is -121011 + -10?
-121021
In base 3, what is -101 + 110?
2
In base 5, what is -123022 + -2?
-123024
In base 11, what is 4 - -58?
61
In base 9, what is -10574 + 4?
-10570
In base 16, what is -d - 25?
-32
In base 8, what is 63 - -2?
65
In base 11, what is -10a + -14?
-123
In base 6, what is -3 + -2202?
-2205
In base 11, what is -5 - -1654?
164a
In base 10, what is 21 - -7?
28
In base 14, what is -11 - -93?
82
In base 4, what is 2 + 10210?
10212
In base 13, what is -9 - 2b?
-37
In base 7, what is 3 - 5640?
-5634
In base 16, what is 4 - b2?
-ae
In base 13, what is 3 - 536?
-533
In base 16, what is -4d + -18?
-65
In base 16, what is -3 + 64?
61
In base 13, what is -8b + -2?
-90
In base 9, what is 5121 + 2?
5123
In base 16, what is -e8 + 0?
-e8
In base 15, what is -4a - 1d?
-68
In base 6, what is -24 + 32?
4
In base 11, what is 58 + -3?
55
In base 2, what is -100100010111 - -100?
-100100010011
In base 9, what is -1 - -126?
125
In base 13, what is 13 - -4?
17
In base 10, what is 5 - -51?
56
In base 4, what is -10300 - -1?
-10233
In base 11, what is 0 + -31?
-31
In base 10, what is 92 - 2?
90
In base 8, what is 5 - 243?
-236
In base 5, what is 31 + -3?
23
In base 9, what is -20 - 4?
-24
In base 15, what is 27ee + 5?
2804
In base 3, what is 12221202 + -21?
12221111
In base 14, what is 6 + 267?
26d
In base 4, what is -2302 - 32?
-3000
In base 3, what is 121010 - 20?
120220
In base 12, what is -33 - 15?
-48
In base 14, what is -2b3 - -2?
-2b1
In base 6, what is 15 - -201?
220
In base 6, what is -3 - -2113?
2110
In base 6, what is -43 + -3?
-50
In base 3, what is 11010 - 212?
10021
In base 2, what is 110 + -111000101101?
-111000100111
In base 16, what is -16 - -1?
-15
In base 8, what is 426 + 14?
442
In base 4, what is 130 - -3010?
3200
In base 6, what is -3304 - -13?
-3251
In base 6, what is -24 + 244?
220
In base 6, what is -131 + 0?
-131
In base 9, what is -1573 + 11?
-1562
In base 15, what is -1c - 3?
-20
In base 15, what is 1 + -149?
-148
In base 15, what is c + -32?
-25
In base 7, what is 5 - -501?
506
In base 16, what is 2224 + -3?
2221
In base 16, what is -2 + 48a?
488
In base 7, what is 260 - 4?
253
In base 2, what is 101000 - -1?
101001
In base 14, what is -6b - -2?
-69
In base 9, what is 1 + 1448?
1450
In base 9, what is -5 - 8?
-14
In base 14, what is 1 - -1d?
20
In base 8, what is 1765 - -31?
2016
In base 11, what is 263 - -4?
267
In base 16, what is -1 + -37a?
-37b
In base 6, what is -3 + -5?
-12
In base 15, what is -52ed - 5?
-5303
In base 14, what is 177 - 7?
170
In base 6, what is -4 - 15?
-23
In base 14, what is 3 + -1b6?
-1b3
In base 7, what is -405 - -65?
-310
In base 11, what is 546 - 0?
546
In base 8, what is -4 + -253?
-257
In base 4, what is 3 - 11310?
-11301
In base 4, what is 2131 + 1?
2132
In base 5, what is 2044 + -24?
2020
In base 12, what is -7 + b9?
b2
In base 11, what is 2 + -2a37?
-2a35
In base 15, what is 127 + -11?
116
In base 14, what is 7c + 5?
83
In base 12, what is -36 + -4?
-3a
In base 12, what is -59 - 16?
-73
In base 8, what is -11060 - -4?
-11054
In base 14, what is 4 + -99b?
-997
In base 6, what is -102 + -3?
-105
In base 10, what is 98 + 2?
100
In base 14, what is -c8 - -c?
-ba
In base 4, what is -2221 - -10?
-2211
In base 6, what is -11 + -544?
-555
In base 12, what is -12 - -4b?
39
In base 12, what is -4 - -10b?
107
In base 15, what is -1 + -2e?
-30
In base 6, what is -2204 + 3?
-2201
In base 10, what is 1493 + -1?
1492
In base 16, what is -25 - -8?
-1d
In base 12, what is b + -40?
-31
In base 3, what is 1112220 - -2?
1112222
In base 3, what is 0 + 211?
211
In base 2, what is -1 + 101011?
101010
In base 3, what is -221211 + -12?
-222000
In base 9, what is -4 + 1517?
1513
In base 5, what is 2444 + -121?
2323
In base 4, what is 11113 - 1032?
10021
In base 5, what is -442 - 2?
-444
In base 12, what is -42 - -3?
-3b
In base 10, what is 134 - 26?
108
In base 13, what is -5 - -c2b?
c26
In base 8, what is 50311 - 5?
50304
In base 7, what is 12 + 3?
15
In base 5, what is -2 + -1?
-3
In base 2, what is 101 - -100011?
101000
In base 13, what is -2c - -1?
-2b
In base 11, what is -1 - 866?
-867
In base 8, what is 33 + 13?
46
In base 8, what is -50 - -20?
-30
In base 9, what is 3 + -417?
-414
In base 15, what is 127a - 2?
1278
In base 13, what is 3 - 97?
-94
In base 5, what is 21020 + -1?
21014
In base 9, what is -50 + 7?
-42
In base 2, what is 101 - -11011?
100000
In base 11, what is -1 - 40?
-41
In base 2, what is -1 + 11001001?
11001000
In base 16, what is 9 + 6?
f
In base 4, what is 11 + 2023?
2100
In base 11, what is -7a3 + -2?
-7a5
In base 12, what is -1822 + 0?
-1822
In base 12, what is -3b77 + 5?
-3b72
In base 8, what is 4 - 1347?
-1343
In base 3, what is -10 + 10000?
2220
In base 16, what is 2 + 1ae?
1b0
In base 4, what is -30 + 21?
-3
In base 10, what is -366 + -23?
-389
In base 2, what is -1111 + 1000?
-111
In base 5, what is 11 - -2?
13
In base 9, what is 305 + -8?
286
In base 3, what is 120100 + -12?
120011
In base 2, what is 0 + 110110100?
110110100
In base 3, what is -1101 + -2?
-1110
In base 16, what is -6 + -17a?
-180
In base 9, what is 0 + 527?
527
In base 3, what is 12 - 102?
-20
In base 2, what is 11 - -10011?
10110
In base 5, what is -31432 + -1?
-31433
In base 10, what is -36 + 13?
-23
In base 6, what is 10 - -5132?
5142
In base 4, what is -33 + -11?
-